e?
False
Let l(o) = 32 + 5*o - o**2 + 23 - 54. Let f be l(9). Is (-38458)/f - 2/(-10) prime?
False
Suppose -52 = -5*a - 8*a. Is (-3)/(-1) - -470*16/a a composite number?
True
Suppose 2*g = -2*u + 216, 3*u + g - 171 = 161. Let m be (u/(-3))/(-7) - (-2)/(-6). Suppose -36 = -m*r + l + 220, 2*l - 100 = -2*r. Is r a composite number?
True
Suppose 4*r - t = 5*r - 8, 5*t = 4*r - 5. Suppose r*h + 3*q = q + 3173, 4*h = -3*q + 2544. Is h prime?
False
Let a be 46/8 - 3/4. Let q be -5 + 4/((-16)/(-2596)). Suppose -q = -a*z - 249. Is z prime?
True
Let w(i) = -i**3 + 9*i**2 - 7*i - 6. Let o be w(8). Let j(n) = 41*n**3 - 5*n**2 + 3*n + 3. Let l be j(o). Suppose l + 279 = 4*q. Is q a prime number?
True
Suppose 649365 = 5*c - 4*i, -4*c + 17*i = 22*i - 519451. Is c prime?
False
Let a = -16 - -16. Suppose 16*g - 28*g + 94236 = a. Is g composite?
False
Suppose -7*q + 20 = -3*q. Suppose -7 + 37 = q*z. Suppose z*k - 3646 = 4*k. Is k a prime number?
True
Let z = 369 + -367. Let o(y) = -y**2 + y + 2865. Let h be o(0). Is (-6)/(-9)*h*1/z prime?
False
Suppose -5*k + 10*k = 2465. Let m = k + 2168. Suppose -2*j - j + m = 0. Is j a composite number?
False
Let d(w) = w**3 - 2*w**2 + 6. Let f be d(4). Suppose -4*v - 154 = -f. Let x = -18 - v. Is x prime?
True
Suppose -6 = 2*n - 14. Suppose 3*a - n*u = 26, 14 = -0*a + a + 4*u. Is ((-4)/10)/(a/(-61675)) composite?
False
Let o(n) = 15*n**3 - 38*n**2 - 35*n - 103. Is o(26) composite?
True
Let i(r) = 298*r**2 + 12*r + 61. Is i(-5) prime?
True
Let v(r) = 1372*r**3 + 36*r**2 - 248*r + 23. Is v(6) composite?
False
Let n = -135806 - -193717. Let a = n - 35125. Is a a prime number?
False
Is 11 + (-11)/(187/(-652120)) a prime number?
True
Let x(z) = 3*z + 53. Let g(v) = 12*v + 56. Let a be g(-6). Let o be x(a). Suppose 2*w + i = -3*i + 194, -o*w = -5*i - 530. Is w a composite number?
False
Suppose 2*i + 2*i - 8 = 0. Let y(g) = -4*g**2 + 59 + 0*g**2 - 14*g + 5*g**i - 13*g. Is y(-24) a composite number?
False
Let m(b) = 55*b**2 + 6*b + 1. Suppose 0 = 6*q - q + 15. Let v be m(q). Let f = v + 1951. Is f composite?
True
Suppose -31*p + 4808241 = 1069114. Is p composite?
True
Let r(b) = -770*b + 745*b - 3*b**2 - 4 - 3*b**3 + 4*b**3. Suppose -7 - 7 = -3*y - 5*l, -2*l - 49 = -3*y. Is r(y) a prime number?
True
Suppose -5*h = m - 18915, h + 1973 = m + 5762. Suppose h + 2153 = 3*c - 5*y, -4*y = -c + 1979. Is c a prime number?
True
Suppose 2*t = 4*n - 659344, -117614 - 376933 = -3*n - 5*t. Is n a prime number?
True
Suppose -9*z + 140 = -2*z. Suppose 0 = -z*c + 22*c - 12014. Is c composite?
False
Suppose 3*i + 2*p + 0 - 19 = 0, 4*i + p = 17. Suppose -c = -i*c + 10. Suppose 5*f - 3849 = -n + 3*n, c*n + 1527 = 2*f. Is f composite?
True
Let c(m) be the third derivative of -m**6/15 + m**5/15 + m**4/6 - 3*m**3/2 - 3*m**2 + 2. Is c(-7) composite?
False
Let o(u) = -6*u + 57. Let p be o(9). Is 3408 - -3 - (p - 5/(-5)) composite?
False
Suppose -46 = -3*r - 5*v, -2*r + 19 = v - 14. Suppose x = -5*g + 14285, -r*x - 5714 = -2*g - 12*x. Is g a prime number?
True
Let g = 41 - 22. Suppose g*w + 15*w = 539206. Is w composite?
False
Suppose 0 = -8*a - a + 54. Let n(u) = 40*u**3 + 12*u**2 + u + 13. Is n(a) prime?
True
Let r(m) = m**2 + 189*m + 21621. Is r(0) a composite number?
True
Let y(s) = -721*s + 5. Let o be y(1). Let x be 1*(o/2 - 0). Let n = -252 - x. Is n composite?
True
Let x(n) = 1841*n**2 + 15*n - 52. Let z(v) = 614*v**2 + 5*v - 17. Let q(j) = -2*x(j) + 7*z(j). Is q(2) a prime number?
True
Let n(u) = u**3 - 3*u**2 - 6*u + 7. Let o = 65 + -54. Let i be (0 - -4) + (13 - o). Is n(i) a prime number?
True
Let p = 297 - 450. Let z = 1414 + p. Is z a prime number?
False
Let u(n) = -2*n**2 - 14*n - 8. Let h = -50 - -44. Let y be u(h). Is (195/30)/(2/y) a composite number?
False
Let b = 135596 - 58689. Is b a prime number?
True
Suppose -5*q = -r, 0 = -2*r + 7*r - 3*q + 66. Let h(p) = 65*p**2 + 6*p + 64. Is h(r) composite?
True
Let p = 224 + -223. Let t(u) = 1363*u**2 - 2*u. Is t(p) composite?
False
Let j = 54 - 63. Let n be -75*(987/j)/(-7). Let r = 2046 + n. Is r prime?
False
Is (-6810841 - -1 - (-4 + 3))/(-10 - -9) prime?
False
Suppose -10*b + 50*h - 47*h + 138107 = 0, h + 55243 = 4*b. Is b prime?
False
Let y(j) = 4895*j**3 - 28*j**2 + 55*j - 9. Is y(2) composite?
True
Let y(q) = q + 1. Let a(z) = -3*z + 7. Let m(d) = a(d) + 4*y(d). Let t be m(-5). Suppose -t*u + 17571 = -3507. Is u a prime number?
False
Let z = -30365 - -43270. Let j = z + 2526. Is j a composite number?
True
Let k = 1468 - 1615. Let m(w) = -2*w**3 + 5*w**2 + 2*w + 4. Let j be m(6). Let b = k - j. Is b a prime number?
True
Suppose -28*f + 1958772 = 480428. Is f prime?
False
Suppose -5*k = -6*k + 6. Suppose 0 = k*c - 4*c. Suppose -3*r + 113 + 3652 = c. Is r a composite number?
True
Suppose -8*o - 11*o - 3442170 = -49*o. Is o composite?
True
Let d be (-45)/(-105) + (-6)/14. Suppose f + 3 - 2 = d, 4*f + 1746 = 2*j. Is j a composite number?
True
Let c(g) = -g**3 - 4*g**2 + 6*g. Let w be c(-5). Let i(d) be the third derivative of -23*d**4/24 + 8*d**3/3 + 53*d**2. Is i(w) composite?
False
Suppose 6 = 4*c + 3*i, -19 = 3*i - 25. Suppose 2136 = 3*k + n, 2*k = 5*n - c*n + 1441. Is k prime?
False
Let b(u) = 334*u**2 - 92*u - 181. Let o be b(-2). Suppose -15 = -t - 3*h, 20 = t + 2*t + 4*h. Suppose q + 3*p - o = t, q + p + 486 = 1821. Is q composite?
True
Let r be 2 - 4 - (-1 + -5 - -3). Let h be (-1*r)/((-15)/60). Suppose o + 2517 = 4*m - 6354, 0 = h*m + 5*o - 8901. Is m prime?
False
Let b = 26317 - -412384. Is b prime?
True
Is (-339432417)/(-1212) - 10/(-8) composite?
False
Let y = -132781 - -237852. Is y prime?
True
Let a(o) = o**2 + 30*o + 87. Let k be a(-27). Is ((-8222)/12)/((-1)/k) composite?
False
Let l(c) = -c + 0*c**2 + 5 - 4*c**2 + 3*c**2 - 8*c. Let a be l(-9). Suppose -5*b - 4*j = -67, b - 4*j = -a*j + 14. Is b a prime number?
True
Suppose 0 = -43*o + 48*o + r - 458, -4*o - r + 367 = 0. Let d be 37/(22/21 + -1). Suppose -3*n + d = -3*k, 2*k = -3*n + o + 676. Is n composite?
False
Suppose -22*m - 499987 - 178879 = -3551560. Is m a composite number?
True
Let x be (-2412)/(-90) - 24/(-20). Suppose -641 = x*a - 29*a. Is a a composite number?
False
Let n be (3/2)/(30/80). Let h(q) = 25*q**3 - q**2 + 2*q - 3. Is h(n) a composite number?
True
Let l be -43*(4 - 20)*-1. Let a = 1719 + l. Is a prime?
True
Let h = 25 + -14. Let v be (2 - 4) + -9 + h. Suppose 2*j + v - 178 = 0. Is j composite?
False
Let s = -84215 - -123218. Is s a composite number?
True
Let t = 7635 + -4481. Let y = 1935 + t. Is y prime?
False
Let v(q) = q + 1. Let a(d) = 1197*d**2 - 2*d + 6. Let z(g) = a(g) - 3*v(g). Suppose 0 = -4*x + 2*n - 10, 7*x - 4*x + 32 = 5*n. Is z(x) a composite number?
True
Suppose 0 = 3*f - 3*o - 125511, -5*f + 209173 = 38*o - 41*o. Is f a composite number?
True
Suppose 455*t - 462*t + 31969 = 0. Is t composite?
False
Let h(q) = -37*q - 35. Let v be h(-2). Suppose 0 = -v*i + 33*i + 27570. Is i a prime number?
False
Let o(x) = -64811*x - 898. Is o(-3) composite?
True
Let f = -2618 - -2622. Let i(y) = -y**2 - 6*y - 4. Let u be i(-4). Suppose -3*j + 2515 = 5*t, u*j - 481 - 2867 = -f*t. Is j a composite number?
True
Suppose 13*y + 24 = 5*y. Is (-16513)/(-2) - y/6 prime?
False
Let g(f) be the third derivative of f**6/60 + 7*f**5/60 - 9*f**4/8 + 29*f**3/6 - 69*f**2. Is g(12) composite?
True
Let j(d) = -d**3 - d**2 + d + 1. Let o(w) = -w**3 - 19*w**2 + 8*w - 29. Let g(k) = 2*j(k) - o(k). Is g(16) prime?
True
Suppose 5*x - 13*n + 5 = -8*n, 5*n + 19 = x. Is x - ((-15)/(-6) - (-108261)/(-6)) a composite number?
True
Let o(a) = -a**3 - 8*a**2 - 12*a - 107. Let i be o(-27). Let h = i - 6001. Is h composite?
True
Let i = 611 - 194. Suppose 2*t = 2*l - 0*t - 84, -4*l - 4*t + 152 = 0. Let p = i - l. Is p prime?
False
Suppose -698*b - 59484 = -702*b. Is b prime?
False
Suppose -11*u + 2394 = -13*u. Let h = u - -10306. Is h prime?
True
Let x be 334/22 + ((-46)/11 - -4). Suppose -2*w - c = -2*c + x, -20 = 3*w - 2*c. Let t(l) = -15*l - 32. Is t(w) composite?
True
Let k = -21570 - -49063. Let l = 58296 - k. Is l prime?
True
Let r(f) = -f**3 + 8*f**2 - 17*f + 4. Let y be r(4). Let t(d) = -d**3 + 3*d**2 - d + 2929. Is t(y) a prime number?
False
Suppose -3*t - 2*t - 17 = -4*l, t + 7 = 2*l. Suppose w - l*w + 262 = 0. Let y = 63 + 